{"id":164,"date":"2023-01-13T21:50:03","date_gmt":"2023-01-13T21:50:03","guid":{"rendered":"https:\/\/travel.andrea-beyer.com\/?page_id=164"},"modified":"2023-09-05T21:09:38","modified_gmt":"2023-09-05T21:09:38","slug":"mittelamerika","status":"publish","type":"page","link":"https:\/\/travel.andrea-beyer.com\/?page_id=164","title":{"rendered":"Mittelamerika"},"content":{"rendered":"\n<p>Meine Reisen in die spanischsprachige Mitte des Kontinents beginnen erst so richtig. Bisher war ich nur in Mexiko und plane gerade meine n\u00e4chste Reise in die L\u00e4nder Panama und Costa Rica. <\/p>\n\n\n\n<div style=\"height:30px\" aria-hidden=\"true\" class=\"wp-block-spacer\"><\/div>\n\n\n\n<h2 class=\"wp-block-heading\">Mexiko 2019<\/h2>\n\n\n\n<p><strong>Mexiko City &#8211; Iztaccihuatl &#8211; Teotihuac\u00e1n &#8211; Oaxaca de Ju\u00e1rez &#8211; Monte Alban &#8211; San Crist\u00f3bal de las Casas &#8211; Ocosingo \/ Tonin\u00e1 &#8211; Palenque &#8211; M\u00e9rida &#8211; Campeche &#8211; Uxmal &#8211; Chich\u00e9n Itz\u00e1 &#8211; Tulum &#8211; Isla Mujeres (Canc\u00fan) <\/strong><\/p>\n\n\n\n<div class=\"wp-block-jetpack-tiled-gallery aligncenter is-style-circle\"><div class=\"tiled-gallery__gallery\"><div class=\"tiled-gallery__row columns-4\"><div class=\"tiled-gallery__col\"><figure class=\"tiled-gallery__item\"><img decoding=\"async\" srcset=\"https:\/\/i2.wp.com\/travel.andrea-beyer.com\/wp-content\/uploads\/2023\/01\/DSC03104.jpg?resize=600%2C600&#038;strip=info&#038;ssl=1 600w,https:\/\/i2.wp.com\/travel.andrea-beyer.com\/wp-content\/uploads\/2023\/01\/DSC03104.jpg?resize=768%2C768&#038;strip=info&#038;ssl=1 768w\" alt=\"\" data-height=\"768\" data-id=\"935\" data-link=\"https:\/\/travel.andrea-beyer.com\/?attachment_id=935\" data-url=\"https:\/\/travel.andrea-beyer.com\/wp-content\/uploads\/2023\/01\/DSC03104.jpg\" data-width=\"1024\" src=\"https:\/\/i2.wp.com\/travel.andrea-beyer.com\/wp-content\/uploads\/2023\/01\/DSC03104.jpg?ssl=1&amp;resize=768%2C768\" data-amp-layout=\"responsive\"\/><\/figure><\/div><div class=\"tiled-gallery__col\"><figure class=\"tiled-gallery__item\"><img decoding=\"async\" srcset=\"https:\/\/i2.wp.com\/travel.andrea-beyer.com\/wp-content\/uploads\/2023\/01\/DSC03085.jpg?resize=600%2C600&#038;strip=info&#038;ssl=1 600w,https:\/\/i2.wp.com\/travel.andrea-beyer.com\/wp-content\/uploads\/2023\/01\/DSC03085.jpg?resize=768%2C768&#038;strip=info&#038;ssl=1 768w\" alt=\"\" data-height=\"768\" data-id=\"920\" data-link=\"https:\/\/travel.andrea-beyer.com\/?attachment_id=920\" data-url=\"https:\/\/travel.andrea-beyer.com\/wp-content\/uploads\/2023\/01\/DSC03085.jpg\" data-width=\"1024\" src=\"https:\/\/i2.wp.com\/travel.andrea-beyer.com\/wp-content\/uploads\/2023\/01\/DSC03085.jpg?ssl=1&amp;resize=768%2C768\" data-amp-layout=\"responsive\"\/><\/figure><\/div><div class=\"tiled-gallery__col\"><figure class=\"tiled-gallery__item\"><img decoding=\"async\" srcset=\"https:\/\/i0.wp.com\/travel.andrea-beyer.com\/wp-content\/uploads\/2023\/01\/DSC03204.jpg?resize=600%2C600&#038;strip=info&#038;ssl=1 600w,https:\/\/i0.wp.com\/travel.andrea-beyer.com\/wp-content\/uploads\/2023\/01\/DSC03204.jpg?resize=768%2C768&#038;strip=info&#038;ssl=1 768w\" alt=\"\" data-height=\"768\" data-id=\"951\" data-link=\"https:\/\/travel.andrea-beyer.com\/?attachment_id=951\" data-url=\"https:\/\/travel.andrea-beyer.com\/wp-content\/uploads\/2023\/01\/DSC03204.jpg\" data-width=\"1024\" src=\"https:\/\/i0.wp.com\/travel.andrea-beyer.com\/wp-content\/uploads\/2023\/01\/DSC03204.jpg?ssl=1&amp;resize=768%2C768\" data-amp-layout=\"responsive\"\/><\/figure><\/div><div class=\"tiled-gallery__col\"><figure class=\"tiled-gallery__item\"><img decoding=\"async\" srcset=\"https:\/\/i0.wp.com\/travel.andrea-beyer.com\/wp-content\/uploads\/2023\/01\/20190128_105021.jpg?resize=600%2C600&#038;strip=info&#038;ssl=1 600w,https:\/\/i0.wp.com\/travel.andrea-beyer.com\/wp-content\/uploads\/2023\/01\/20190128_105021.jpg?resize=768%2C768&#038;strip=info&#038;ssl=1 768w\" alt=\"\" data-height=\"768\" data-id=\"954\" data-link=\"https:\/\/travel.andrea-beyer.com\/?attachment_id=954\" data-url=\"https:\/\/travel.andrea-beyer.com\/wp-content\/uploads\/2023\/01\/20190128_105021.jpg\" data-width=\"1024\" src=\"https:\/\/i0.wp.com\/travel.andrea-beyer.com\/wp-content\/uploads\/2023\/01\/20190128_105021.jpg?ssl=1&amp;resize=768%2C768\" data-amp-layout=\"responsive\"\/><\/figure><\/div><\/div><div class=\"tiled-gallery__row columns-5\"><div class=\"tiled-gallery__col\"><figure class=\"tiled-gallery__item\"><img decoding=\"async\" srcset=\"https:\/\/i1.wp.com\/travel.andrea-beyer.com\/wp-content\/uploads\/2023\/01\/DSC03385.jpg?resize=600%2C600&#038;strip=info&#038;ssl=1 600w,https:\/\/i1.wp.com\/travel.andrea-beyer.com\/wp-content\/uploads\/2023\/01\/DSC03385.jpg?resize=768%2C768&#038;strip=info&#038;ssl=1 768w\" alt=\"\" data-height=\"768\" data-id=\"978\" data-link=\"https:\/\/travel.andrea-beyer.com\/?attachment_id=978\" data-url=\"https:\/\/travel.andrea-beyer.com\/wp-content\/uploads\/2023\/01\/DSC03385.jpg\" data-width=\"1024\" src=\"https:\/\/i1.wp.com\/travel.andrea-beyer.com\/wp-content\/uploads\/2023\/01\/DSC03385.jpg?ssl=1&amp;resize=768%2C768\" data-amp-layout=\"responsive\"\/><\/figure><\/div><div class=\"tiled-gallery__col\"><figure class=\"tiled-gallery__item\"><img decoding=\"async\" srcset=\"https:\/\/i0.wp.com\/travel.andrea-beyer.com\/wp-content\/uploads\/2023\/01\/DSC03353.jpg?resize=600%2C600&#038;strip=info&#038;ssl=1 600w,https:\/\/i0.wp.com\/travel.andrea-beyer.com\/wp-content\/uploads\/2023\/01\/DSC03353.jpg?resize=768%2C768&#038;strip=info&#038;ssl=1 768w\" alt=\"\" data-height=\"768\" data-id=\"974\" data-link=\"https:\/\/travel.andrea-beyer.com\/?attachment_id=974\" data-url=\"https:\/\/travel.andrea-beyer.com\/wp-content\/uploads\/2023\/01\/DSC03353.jpg\" data-width=\"1024\" src=\"https:\/\/i0.wp.com\/travel.andrea-beyer.com\/wp-content\/uploads\/2023\/01\/DSC03353.jpg?ssl=1&amp;resize=768%2C768\" data-amp-layout=\"responsive\"\/><\/figure><\/div><div class=\"tiled-gallery__col\"><figure class=\"tiled-gallery__item\"><img decoding=\"async\" srcset=\"https:\/\/i0.wp.com\/travel.andrea-beyer.com\/wp-content\/uploads\/2023\/01\/20190205_104159.jpg?resize=600%2C600&#038;strip=info&#038;ssl=1 600w,https:\/\/i0.wp.com\/travel.andrea-beyer.com\/wp-content\/uploads\/2023\/01\/20190205_104159.jpg?resize=768%2C768&#038;strip=info&#038;ssl=1 768w\" alt=\"\" data-height=\"768\" data-id=\"988\" data-link=\"https:\/\/travel.andrea-beyer.com\/?attachment_id=988\" data-url=\"https:\/\/travel.andrea-beyer.com\/wp-content\/uploads\/2023\/01\/20190205_104159.jpg\" data-width=\"1024\" src=\"https:\/\/i0.wp.com\/travel.andrea-beyer.com\/wp-content\/uploads\/2023\/01\/20190205_104159.jpg?ssl=1&amp;resize=768%2C768\" data-amp-layout=\"responsive\"\/><\/figure><\/div><div class=\"tiled-gallery__col\"><figure class=\"tiled-gallery__item\"><img decoding=\"async\" srcset=\"https:\/\/i1.wp.com\/travel.andrea-beyer.com\/wp-content\/uploads\/2023\/01\/DSC03538.jpg?resize=600%2C600&#038;strip=info&#038;ssl=1 600w,https:\/\/i1.wp.com\/travel.andrea-beyer.com\/wp-content\/uploads\/2023\/01\/DSC03538.jpg?resize=768%2C768&#038;strip=info&#038;ssl=1 768w\" alt=\"\" data-height=\"768\" data-id=\"999\" data-link=\"https:\/\/travel.andrea-beyer.com\/?attachment_id=999\" data-url=\"https:\/\/travel.andrea-beyer.com\/wp-content\/uploads\/2023\/01\/DSC03538.jpg\" data-width=\"1024\" src=\"https:\/\/i1.wp.com\/travel.andrea-beyer.com\/wp-content\/uploads\/2023\/01\/DSC03538.jpg?ssl=1&amp;resize=768%2C768\" data-amp-layout=\"responsive\"\/><\/figure><\/div><div class=\"tiled-gallery__col\"><figure class=\"tiled-gallery__item\"><img decoding=\"async\" srcset=\"https:\/\/i2.wp.com\/travel.andrea-beyer.com\/wp-content\/uploads\/2023\/01\/DSC03594.jpg?resize=600%2C600&#038;strip=info&#038;ssl=1 600w,https:\/\/i2.wp.com\/travel.andrea-beyer.com\/wp-content\/uploads\/2023\/01\/DSC03594.jpg?resize=768%2C768&#038;strip=info&#038;ssl=1 768w\" alt=\"\" data-height=\"768\" data-id=\"1006\" data-link=\"https:\/\/travel.andrea-beyer.com\/?attachment_id=1006\" data-url=\"https:\/\/travel.andrea-beyer.com\/wp-content\/uploads\/2023\/01\/DSC03594.jpg\" data-width=\"1024\" src=\"https:\/\/i2.wp.com\/travel.andrea-beyer.com\/wp-content\/uploads\/2023\/01\/DSC03594.jpg?ssl=1&amp;resize=768%2C768\" data-amp-layout=\"responsive\"\/><\/figure><\/div><\/div><div class=\"tiled-gallery__row columns-5\"><div class=\"tiled-gallery__col\"><figure class=\"tiled-gallery__item\"><img decoding=\"async\" srcset=\"https:\/\/i2.wp.com\/travel.andrea-beyer.com\/wp-content\/uploads\/2023\/01\/DSC03788.jpg?resize=600%2C600&#038;strip=info&#038;ssl=1 600w,https:\/\/i2.wp.com\/travel.andrea-beyer.com\/wp-content\/uploads\/2023\/01\/DSC03788.jpg?resize=768%2C768&#038;strip=info&#038;ssl=1 768w\" alt=\"\" data-height=\"1024\" data-id=\"1018\" data-link=\"https:\/\/travel.andrea-beyer.com\/?attachment_id=1018\" data-url=\"https:\/\/travel.andrea-beyer.com\/wp-content\/uploads\/2023\/01\/DSC03788.jpg\" data-width=\"768\" src=\"https:\/\/i2.wp.com\/travel.andrea-beyer.com\/wp-content\/uploads\/2023\/01\/DSC03788.jpg?ssl=1&amp;resize=768%2C768\" data-amp-layout=\"responsive\"\/><\/figure><\/div><div class=\"tiled-gallery__col\"><figure class=\"tiled-gallery__item\"><img decoding=\"async\" srcset=\"https:\/\/i2.wp.com\/travel.andrea-beyer.com\/wp-content\/uploads\/2023\/01\/DSC03734.jpg?resize=600%2C600&#038;strip=info&#038;ssl=1 600w,https:\/\/i2.wp.com\/travel.andrea-beyer.com\/wp-content\/uploads\/2023\/01\/DSC03734.jpg?resize=768%2C768&#038;strip=info&#038;ssl=1 768w\" alt=\"\" data-height=\"1024\" data-id=\"1034\" data-link=\"https:\/\/travel.andrea-beyer.com\/?attachment_id=1034\" data-url=\"https:\/\/travel.andrea-beyer.com\/wp-content\/uploads\/2023\/01\/DSC03734.jpg\" data-width=\"768\" src=\"https:\/\/i2.wp.com\/travel.andrea-beyer.com\/wp-content\/uploads\/2023\/01\/DSC03734.jpg?ssl=1&amp;resize=768%2C768\" data-amp-layout=\"responsive\"\/><\/figure><\/div><div class=\"tiled-gallery__col\"><figure class=\"tiled-gallery__item\"><img decoding=\"async\" srcset=\"https:\/\/i2.wp.com\/travel.andrea-beyer.com\/wp-content\/uploads\/2023\/01\/DSC03907.jpg?resize=600%2C600&#038;strip=info&#038;ssl=1 600w,https:\/\/i2.wp.com\/travel.andrea-beyer.com\/wp-content\/uploads\/2023\/01\/DSC03907.jpg?resize=768%2C768&#038;strip=info&#038;ssl=1 768w\" alt=\"\" data-height=\"768\" data-id=\"1054\" data-link=\"https:\/\/travel.andrea-beyer.com\/?attachment_id=1054\" data-url=\"https:\/\/travel.andrea-beyer.com\/wp-content\/uploads\/2023\/01\/DSC03907.jpg\" data-width=\"1024\" src=\"https:\/\/i2.wp.com\/travel.andrea-beyer.com\/wp-content\/uploads\/2023\/01\/DSC03907.jpg?ssl=1&amp;resize=768%2C768\" data-amp-layout=\"responsive\"\/><\/figure><\/div><div class=\"tiled-gallery__col\"><figure class=\"tiled-gallery__item\"><img decoding=\"async\" srcset=\"https:\/\/i0.wp.com\/travel.andrea-beyer.com\/wp-content\/uploads\/2023\/01\/DSC03953.jpg?resize=600%2C600&#038;strip=info&#038;ssl=1 600w,https:\/\/i0.wp.com\/travel.andrea-beyer.com\/wp-content\/uploads\/2023\/01\/DSC03953.jpg?resize=768%2C768&#038;strip=info&#038;ssl=1 768w\" alt=\"\" data-height=\"768\" data-id=\"1069\" data-link=\"https:\/\/travel.andrea-beyer.com\/?attachment_id=1069\" data-url=\"https:\/\/travel.andrea-beyer.com\/wp-content\/uploads\/2023\/01\/DSC03953.jpg\" data-width=\"1024\" src=\"https:\/\/i0.wp.com\/travel.andrea-beyer.com\/wp-content\/uploads\/2023\/01\/DSC03953.jpg?ssl=1&amp;resize=768%2C768\" data-amp-layout=\"responsive\"\/><\/figure><\/div><div class=\"tiled-gallery__col\"><figure class=\"tiled-gallery__item\"><img decoding=\"async\" srcset=\"https:\/\/i0.wp.com\/travel.andrea-beyer.com\/wp-content\/uploads\/2023\/01\/20190217_144544.jpg?resize=600%2C600&#038;strip=info&#038;ssl=1 600w,https:\/\/i0.wp.com\/travel.andrea-beyer.com\/wp-content\/uploads\/2023\/01\/20190217_144544.jpg?resize=768%2C768&#038;strip=info&#038;ssl=1 768w\" alt=\"\" data-height=\"768\" data-id=\"1066\" data-link=\"https:\/\/travel.andrea-beyer.com\/?attachment_id=1066\" data-url=\"https:\/\/travel.andrea-beyer.com\/wp-content\/uploads\/2023\/01\/20190217_144544.jpg\" data-width=\"1024\" src=\"https:\/\/i0.wp.com\/travel.andrea-beyer.com\/wp-content\/uploads\/2023\/01\/20190217_144544.jpg?ssl=1&amp;resize=768%2C768\" data-amp-layout=\"responsive\"\/><\/figure><\/div><\/div><\/div><\/div>\n\n\n\n<div style=\"height:44px\" aria-hidden=\"true\" class=\"wp-block-spacer\"><\/div>\n\n\n\n<h2 class=\"wp-block-heading\">Panama 2023<\/h2>\n\n\n\n<p><strong>Panama City &#8211; David &#8211; Boquete &#8211; Bocas del Toro<\/strong><\/p>\n\n\n\n<figure class=\"wp-block-gallery has-nested-images columns-6 wp-block-gallery-1 is-layout-flex wp-block-gallery-is-layout-flex\">\n<figure class=\"wp-block-image size-thumbnail\"><img decoding=\"async\" width=\"150\" height=\"150\" data-id=\"564\" src=\"https:\/\/travel.andrea-beyer.com\/wp-content\/uploads\/2023\/01\/Panama-flag-150x150.jpg\" alt=\"\" class=\"wp-image-564\"\/><figcaption class=\"wp-element-caption\">Panama Flagge<\/figcaption><\/figure>\n<\/figure>\n\n\n\n<div style=\"height:33px\" aria-hidden=\"true\" class=\"wp-block-spacer\"><\/div>\n\n\n\n<h2 class=\"wp-block-heading\">Costa Rica 2023<\/h2>\n\n\n\n<p><strong>Cahuita &#8211; San Jos\u00e9 &#8211; Monteverde NP &#8211; Ciudad Col\u00f3n &#8211; (Berg) Iraz\u00fa &#8211; Cerro de la Muerte &#8211; Los Quetzales NP &#8211; Savegre-Tal &#8211; Corcovado NP &#8211; Carete &#8211; Drake Bay &#8211; Costa Ballena &#8211; Manuel Antonio NP &#8211; Volcan Arenal &#8211; Fortuna NP &#8211; Rinc\u00f3n de la Vieja NP \/ Rio Celeste &#8211; Playa Samara &#8211; San Jos\u00e9 <\/strong><\/p>\n\n\n\n<div class=\"wp-block-jetpack-tiled-gallery aligncenter is-style-columns has-rounded-corners-5\"><div class=\"tiled-gallery__gallery\"><div class=\"tiled-gallery__row\"><div class=\"tiled-gallery__col\" style=\"flex-basis:100.00000%\"><figure class=\"tiled-gallery__item\"><img decoding=\"async\" srcset=\"https:\/\/i1.wp.com\/travel.andrea-beyer.com\/wp-content\/uploads\/2023\/01\/costa_rica_flag.jpg?strip=info&#038;w=553&#038;ssl=1 553w\" alt=\"\" data-height=\"311\" data-id=\"567\" data-link=\"https:\/\/travel.andrea-beyer.com\/?attachment_id=567\" data-url=\"https:\/\/travel.andrea-beyer.com\/wp-content\/uploads\/2023\/01\/costa_rica_flag.jpg\" data-width=\"553\" src=\"https:\/\/i1.wp.com\/travel.andrea-beyer.com\/wp-content\/uploads\/2023\/01\/costa_rica_flag.jpg?ssl=1\" data-amp-layout=\"responsive\"\/><\/figure><\/div><\/div><\/div><\/div>\n\n\n\n<p><\/p>\n","protected":false},"excerpt":{"rendered":"<p>Meine Reisen in die spanischsprachige Mitte des Kontinents beginnen erst so richtig. Bisher war ich nur in Mexiko und plane gerade meine n\u00e4chste Reise in die L\u00e4nder Panama und Costa Rica. Mexiko 2019 Mexiko City &#8211; Iztaccihuatl &#8211; Teotihuac\u00e1n &#8211; Oaxaca de Ju\u00e1rez &#8211; Monte Alban &#8211; San Crist\u00f3bal de las Casas &#8211; Ocosingo \/&#8230;<\/p>\n","protected":false},"author":2,"featured_media":0,"parent":179,"menu_order":0,"comment_status":"closed","ping_status":"closed","template":"","meta":{"footnotes":""},"class_list":["post-164","page","type-page","status-publish","hentry"],"yoast_head":"<!-- This site is optimized with the Yoast SEO plugin v27.4 - https:\/\/yoast.com\/product\/yoast-seo-wordpress\/ -->\n<title>Mittelamerika - Travel &amp; Explore<\/title>\n<meta name=\"robots\" content=\"noindex, follow, max-snippet:-1, max-image-preview:large, max-video-preview:-1\" \/>\n<meta property=\"og:locale\" content=\"de_DE\" \/>\n<meta property=\"og:type\" content=\"article\" \/>\n<meta property=\"og:title\" content=\"Mittelamerika - Travel &amp; Explore\" \/>\n<meta property=\"og:description\" content=\"Meine Reisen in die spanischsprachige Mitte des Kontinents beginnen erst so richtig. Bisher war ich nur in Mexiko und plane gerade meine n\u00e4chste Reise in die L\u00e4nder Panama und Costa Rica. Mexiko 2019 Mexiko City &#8211; Iztaccihuatl &#8211; Teotihuac\u00e1n &#8211; Oaxaca de Ju\u00e1rez &#8211; Monte Alban &#8211; San Crist\u00f3bal de las Casas &#8211; Ocosingo \/...\" \/>\n<meta property=\"og:url\" content=\"https:\/\/travel.andrea-beyer.com\/?page_id=164\" \/>\n<meta property=\"og:site_name\" content=\"Travel &amp; Explore\" \/>\n<meta property=\"article:modified_time\" content=\"2023-09-05T21:09:38+00:00\" \/>\n<meta property=\"og:image\" content=\"https:\/\/i2.wp.com\/travel.andrea-beyer.com\/wp-content\/uploads\/2023\/01\/DSC03104.jpg?ssl=1&amp;resize=768%2C768\" \/>\n<meta name=\"twitter:card\" content=\"summary_large_image\" \/>\n<meta name=\"twitter:label1\" content=\"Gesch\u00e4tzte Lesezeit\" \/>\n\t<meta name=\"twitter:data1\" content=\"4\u00a0Minuten\" \/>\n<script type=\"application\/ld+json\" class=\"yoast-schema-graph\">{\"@context\":\"https:\\\/\\\/schema.org\",\"@graph\":[{\"@type\":\"WebPage\",\"@id\":\"https:\\\/\\\/travel.andrea-beyer.com\\\/?page_id=164\",\"url\":\"https:\\\/\\\/travel.andrea-beyer.com\\\/?page_id=164\",\"name\":\"Mittelamerika - Travel &amp; Explore\",\"isPartOf\":{\"@id\":\"https:\\\/\\\/travel.andrea-beyer.com\\\/#website\"},\"primaryImageOfPage\":{\"@id\":\"https:\\\/\\\/travel.andrea-beyer.com\\\/?page_id=164#primaryimage\"},\"image\":{\"@id\":\"https:\\\/\\\/travel.andrea-beyer.com\\\/?page_id=164#primaryimage\"},\"thumbnailUrl\":\"https:\\\/\\\/i2.wp.com\\\/travel.andrea-beyer.com\\\/wp-content\\\/uploads\\\/2023\\\/01\\\/DSC03104.jpg?ssl=1&amp;resize=768%2C768\",\"datePublished\":\"2023-01-13T21:50:03+00:00\",\"dateModified\":\"2023-09-05T21:09:38+00:00\",\"breadcrumb\":{\"@id\":\"https:\\\/\\\/travel.andrea-beyer.com\\\/?page_id=164#breadcrumb\"},\"inLanguage\":\"de\",\"potentialAction\":[{\"@type\":\"ReadAction\",\"target\":[\"https:\\\/\\\/travel.andrea-beyer.com\\\/?page_id=164\"]}]},{\"@type\":\"ImageObject\",\"inLanguage\":\"de\",\"@id\":\"https:\\\/\\\/travel.andrea-beyer.com\\\/?page_id=164#primaryimage\",\"url\":\"https:\\\/\\\/i2.wp.com\\\/travel.andrea-beyer.com\\\/wp-content\\\/uploads\\\/2023\\\/01\\\/DSC03104.jpg?ssl=1&amp;resize=768%2C768\",\"contentUrl\":\"https:\\\/\\\/i2.wp.com\\\/travel.andrea-beyer.com\\\/wp-content\\\/uploads\\\/2023\\\/01\\\/DSC03104.jpg?ssl=1&amp;resize=768%2C768\"},{\"@type\":\"BreadcrumbList\",\"@id\":\"https:\\\/\\\/travel.andrea-beyer.com\\\/?page_id=164#breadcrumb\",\"itemListElement\":[{\"@type\":\"ListItem\",\"position\":1,\"name\":\"Startseite\",\"item\":\"https:\\\/\\\/travel.andrea-beyer.com\\\/\"},{\"@type\":\"ListItem\",\"position\":2,\"name\":\"Amerika\",\"item\":\"https:\\\/\\\/travel.andrea-beyer.com\\\/?page_id=179\"},{\"@type\":\"ListItem\",\"position\":3,\"name\":\"Mittelamerika\"}]},{\"@type\":\"WebSite\",\"@id\":\"https:\\\/\\\/travel.andrea-beyer.com\\\/#website\",\"url\":\"https:\\\/\\\/travel.andrea-beyer.com\\\/\",\"name\":\"Travel &amp; Explore\",\"description\":\"&quot;Die gef\u00e4hrlichste aller Weltanschauungen ist die der Leute, die die Welt nie angeschaut haben.&quot; - A. v. Humboldt\",\"potentialAction\":[{\"@type\":\"SearchAction\",\"target\":{\"@type\":\"EntryPoint\",\"urlTemplate\":\"https:\\\/\\\/travel.andrea-beyer.com\\\/?s={search_term_string}\"},\"query-input\":{\"@type\":\"PropertyValueSpecification\",\"valueRequired\":true,\"valueName\":\"search_term_string\"}}],\"inLanguage\":\"de\"}]}<\/script>\n<!-- \/ Yoast SEO plugin. -->","yoast_head_json":{"title":"Mittelamerika - Travel &amp; Explore","robots":{"index":"noindex","follow":"follow","max-snippet":"max-snippet:-1","max-image-preview":"max-image-preview:large","max-video-preview":"max-video-preview:-1"},"og_locale":"de_DE","og_type":"article","og_title":"Mittelamerika - Travel &amp; Explore","og_description":"Meine Reisen in die spanischsprachige Mitte des Kontinents beginnen erst so richtig. Bisher war ich nur in Mexiko und plane gerade meine n\u00e4chste Reise in die L\u00e4nder Panama und Costa Rica. Mexiko 2019 Mexiko City &#8211; Iztaccihuatl &#8211; Teotihuac\u00e1n &#8211; Oaxaca de Ju\u00e1rez &#8211; Monte Alban &#8211; San Crist\u00f3bal de las Casas &#8211; Ocosingo \/...","og_url":"https:\/\/travel.andrea-beyer.com\/?page_id=164","og_site_name":"Travel &amp; Explore","article_modified_time":"2023-09-05T21:09:38+00:00","og_image":[{"url":"https:\/\/i2.wp.com\/travel.andrea-beyer.com\/wp-content\/uploads\/2023\/01\/DSC03104.jpg?ssl=1&amp;resize=768%2C768","type":"","width":"","height":""}],"twitter_card":"summary_large_image","twitter_misc":{"Gesch\u00e4tzte Lesezeit":"4\u00a0Minuten"},"schema":{"@context":"https:\/\/schema.org","@graph":[{"@type":"WebPage","@id":"https:\/\/travel.andrea-beyer.com\/?page_id=164","url":"https:\/\/travel.andrea-beyer.com\/?page_id=164","name":"Mittelamerika - Travel &amp; Explore","isPartOf":{"@id":"https:\/\/travel.andrea-beyer.com\/#website"},"primaryImageOfPage":{"@id":"https:\/\/travel.andrea-beyer.com\/?page_id=164#primaryimage"},"image":{"@id":"https:\/\/travel.andrea-beyer.com\/?page_id=164#primaryimage"},"thumbnailUrl":"https:\/\/i2.wp.com\/travel.andrea-beyer.com\/wp-content\/uploads\/2023\/01\/DSC03104.jpg?ssl=1&amp;resize=768%2C768","datePublished":"2023-01-13T21:50:03+00:00","dateModified":"2023-09-05T21:09:38+00:00","breadcrumb":{"@id":"https:\/\/travel.andrea-beyer.com\/?page_id=164#breadcrumb"},"inLanguage":"de","potentialAction":[{"@type":"ReadAction","target":["https:\/\/travel.andrea-beyer.com\/?page_id=164"]}]},{"@type":"ImageObject","inLanguage":"de","@id":"https:\/\/travel.andrea-beyer.com\/?page_id=164#primaryimage","url":"https:\/\/i2.wp.com\/travel.andrea-beyer.com\/wp-content\/uploads\/2023\/01\/DSC03104.jpg?ssl=1&amp;resize=768%2C768","contentUrl":"https:\/\/i2.wp.com\/travel.andrea-beyer.com\/wp-content\/uploads\/2023\/01\/DSC03104.jpg?ssl=1&amp;resize=768%2C768"},{"@type":"BreadcrumbList","@id":"https:\/\/travel.andrea-beyer.com\/?page_id=164#breadcrumb","itemListElement":[{"@type":"ListItem","position":1,"name":"Startseite","item":"https:\/\/travel.andrea-beyer.com\/"},{"@type":"ListItem","position":2,"name":"Amerika","item":"https:\/\/travel.andrea-beyer.com\/?page_id=179"},{"@type":"ListItem","position":3,"name":"Mittelamerika"}]},{"@type":"WebSite","@id":"https:\/\/travel.andrea-beyer.com\/#website","url":"https:\/\/travel.andrea-beyer.com\/","name":"Travel &amp; Explore","description":"&quot;Die gef\u00e4hrlichste aller Weltanschauungen ist die der Leute, die die Welt nie angeschaut haben.&quot; - A. v. Humboldt","potentialAction":[{"@type":"SearchAction","target":{"@type":"EntryPoint","urlTemplate":"https:\/\/travel.andrea-beyer.com\/?s={search_term_string}"},"query-input":{"@type":"PropertyValueSpecification","valueRequired":true,"valueName":"search_term_string"}}],"inLanguage":"de"}]}},"jetpack_sharing_enabled":true,"_links":{"self":[{"href":"https:\/\/travel.andrea-beyer.com\/index.php?rest_route=\/wp\/v2\/pages\/164","targetHints":{"allow":["GET"]}}],"collection":[{"href":"https:\/\/travel.andrea-beyer.com\/index.php?rest_route=\/wp\/v2\/pages"}],"about":[{"href":"https:\/\/travel.andrea-beyer.com\/index.php?rest_route=\/wp\/v2\/types\/page"}],"author":[{"embeddable":true,"href":"https:\/\/travel.andrea-beyer.com\/index.php?rest_route=\/wp\/v2\/users\/2"}],"replies":[{"embeddable":true,"href":"https:\/\/travel.andrea-beyer.com\/index.php?rest_route=%2Fwp%2Fv2%2Fcomments&post=164"}],"version-history":[{"count":6,"href":"https:\/\/travel.andrea-beyer.com\/index.php?rest_route=\/wp\/v2\/pages\/164\/revisions"}],"predecessor-version":[{"id":5488,"href":"https:\/\/travel.andrea-beyer.com\/index.php?rest_route=\/wp\/v2\/pages\/164\/revisions\/5488"}],"up":[{"embeddable":true,"href":"https:\/\/travel.andrea-beyer.com\/index.php?rest_route=\/wp\/v2\/pages\/179"}],"wp:attachment":[{"href":"https:\/\/travel.andrea-beyer.com\/index.php?rest_route=%2Fwp%2Fv2%2Fmedia&parent=164"}],"curies":[{"name":"wp","href":"https:\/\/api.w.org\/{rel}","templated":true}]}}